List the prime factors of m.
5
Let r = 71 + -12. What are the prime factors of r?
59
Suppose -2*c + 10 = -2*a, 0 = 4*c - 5*a - 29 + 5. Let v(x) = -x**2 - 5*x - 4. Let s be v(-5). What are the prime factors of (3/(-6)*s)/c?
2
Let l(t) = t**3 - 7*t**2 - t + 4. Let k be l(7). Let z = 31 - k. List the prime factors of z.
2, 17
Let u = 50 + 25. List the prime factors of u.
3, 5
Let n(h) = 2*h - 2. Suppose 4*l = 6*l - 12. What are the prime factors of n(l)?
2, 5
Let f be (-1)/5 - (-18)/(-10). Let g be 4 + f - 2*2. Let y = 6 + g. List the prime factors of y.
2
Suppose 3*v = 4*p - 3, -4*p + 3*v - 1 = 4*v. Suppose 2*i - 55 + 5 = 0. Suppose -4*y - 5*h + i = p, 3*y + 0*y - h = 14. List the prime factors of y.
5
Let r(u) = -2*u - 12. Let m be r(-10). Suppose -2*a = -68 - m. List the prime factors of a.
2, 19
Suppose -3 = 2*s + 1. Let q(u) = -3*u + 1. What are the prime factors of q(s)?
7
Suppose 1 = -y - 0. Let a be y + -2 - (-4 - -2). What are the prime factors of 12 + a - (-2 - -2)?
11
Suppose -7 = 5*a + 18. Let u = -1 - a. What are the prime factors of u?
2
Let g be (-2)/(0 + 2)*-5. Suppose g*o - 10 = 5. Suppose 5*x = 2*n - 33, -o*n = n - 4*x - 36. What are the prime factors of n?
2
Suppose 14*h - 301 = 7*h. List the prime factors of h.
43
Suppose 0 = 5*p - p - 72. List the prime factors of p.
2, 3
Suppose -2*c - 3 = -5. What are the prime factors of (4 - c)*-1 - -27?
2, 3
Suppose 2*d = -2*a + 34, 24 = 3*d + 5*a - 37. List the prime factors of (45/d)/(12/32).
2, 5
Let w = -4 + 12. What are the prime factors of w?
2
Let z be (2 + -6 + 2)*6. Let x be -1 - 0 - 0 - 20. Let i = z - x. List the prime factors of i.
3
Suppose -3*g - 94 = 5*r, -3*g - 5*r = -r + 98. Let o be g/(-8) - 1/(-4). Suppose 2*x = 5*x - m - 10, 0 = -4*x + o*m + 6. List the prime factors of x.
2
Suppose 0 = v + 2*v - 12. Suppose -1 = 3*x - 5*y, -v*x - x + 25 = 5*y. Suppose 41 = 4*o - 5*r, 2*o + x*r = -1 - 6. List the prime factors of o.
2
Let f(h) = -h**2 + 6*h + 2. Let y be f(6). Suppose 0 = 2*u + 3*m - 17, 2*m - 3 = -y*u + 11. What are the prime factors of u?
2
Let h = 8 + 147. What are the prime factors of h?
5, 31
Let n(q) = -4 - 2*q**3 - 7*q**2 + 3*q**3 + 7*q + 1. Let y be n(6). Suppose 20 - 4 = 3*d - b, -y*d + 4*b = -28. List the prime factors of d.
2
Suppose 3*n - 20 + 5 = 0. Let x = n + 12. What are the prime factors of x?
17
Let v = -107 + 187. List the prime factors of v.
2, 5
Suppose 0 = -0*w + 3*w - 138. What are the prime factors of w?
2, 23
Suppose h + 3*h - 160 = 0. List the prime factors of h.
2, 5
Let y be 11/(-3 + 2) - -1. Let a = 19 + y. List the prime factors of a.
3
Suppose 2*g = -j, 4*j = -5*g - 0*g + 3. List the prime factors of 11 + j*(-2)/(-4).
2, 3
Let j = -2 + 4. Suppose -j*v = v. Suppose v = 2*w + 3*w - 40. What are the prime factors of w?
2
Let x be 2/4*12/1. What are the prime factors of 79/2 - 3/x?
3, 13
Suppose 0 = -3*y - 3*o, 8 = 2*y + o - 3*o. Suppose 0 = w - z, -14 = -y*w - w - 4*z. Suppose -4 - w = -2*k. List the prime factors of k.
3
Let t(u) = u - 5. Let x be t(7). Suppose d - 204 = -x*d. List the prime factors of d/11 + 2/(-11).
2, 3
Let k = 0 + 2. Let h be (7/(-3))/(k/6). Let c(f) = -f - 5. List the prime factors of c(h).
2
Let z(p) = -2*p**2 - 4*p - 4. Let k be z(-4). Let b be ((-6)/5)/(6/k). Suppose 0*r - 2*f = -b*r + 38, -5*r = -2*f - 47. What are the prime factors of r?
3
Let v be -16*(0 + (-3)/3). List the prime factors of (-1*(v - 3))/(-1).
13
Let h be 5*26/(-20)*-4. Suppose -2*m = 2*z - h, -8 = 5*m - 33. What are the prime factors of z?
2
Let o = 16 + -12. List the prime factors of o.
2
Let w(q) = 2*q**2 - q - 2. Suppose -4*p + 6 = -10. What are the prime factors of w(p)?
2, 13
Let k be (-2)/(1 - (-12)/(-10)). Suppose -2*i + 3*i = k. List the prime factors of i.
2, 5
Let v be 1 + -1 + 1 + -5. Let z be (-3 - v)/((-2)/(-4)). Suppose z*n + 2*n = 12. What are the prime factors of n?
3
Let f(z) = z**2 - 6*z + 7. Let k be f(5). Suppose 0*o + k*o - 38 = 4*i, 3*o - 45 = 2*i. What are the prime factors of o?
13
Suppose -6 = 3*i + a, 2*a + 6 = -3*i - 0*a. What are the prime factors of (i + 3)/(5/35)?
7
List the prime factors of -7 + 5 - -37*1.
5, 7
Let j(g) = -10*g + 8. What are the prime factors of j(-6)?
2, 17
Let d(x) = -x - 8. Let t be d(-8). Suppose 3 = m - 0. Suppose t = i - 4, 2*i = m*h - 34 - 3. What are the prime factors of h?
3, 5
What are the prime factors of (-4)/6 + (-2132)/(-39)?
2, 3
What are the prime factors of 27/(-12) + 2 - (-269)/4?
67
Suppose 2*o - 2 = o. Suppose o*m + 2*m = 56. List the prime factors of m.
2, 7
Let s(o) = o**3 - 10*o**2 + 9*o - 11. Let u be s(9). Let j = u - -7. Let w = -1 - j. List the prime factors of w.
3
Let t(l) = 2*l**2 - 4*l. Let a = 1 - -2. What are the prime factors of t(a)?
2, 3
Let w = 8 + -4. Suppose -q = 4, 4*u + w*q = 8*u - 232. List the prime factors of u.
2, 3
Let v(y) = y**2 - 8*y - 7. Let j be v(9). Suppose -f = j*f + 39. Let r = f + 23. List the prime factors of r.
2, 5
Let k(o) = 4*o**2 - 27*o - 33. Let n(u) = -u**2 + 7*u + 8. Let v(b) = 2*k(b) + 9*n(b). List the prime factors of v(8).
2, 7
Suppose -5*g = 3*o - 0*o - 122, g - 2 = 5*o. What are the prime factors of g?
2, 11
Let a = 6 - 2. Suppose 7*z + u - 35 = 2*z, 3*z = a*u - 2. Let h(t) = t**2 - 6*t + 9. What are the prime factors of h(z)?
3
Let r(s) = -2*s. Let t be r(-1). Suppose 0 = -t*g - g + 36. What are the prime factors of g?
2, 3
Suppose 5*h + 6 = -24. Let o(n) = n**3 + 7*n**2 + 5*n + 7. List the prime factors of o(h).
13
Let j(h) = -h**3 + 7*h**2 - 6*h - 6. Let g be j(5). Suppose z - 50 + g = 0. Suppose 0 = p + 3*p - z. List the prime factors of p.
3
Let m(x) = x**2 - 2*x + 4. Let j be m(-3). Suppose -5*g = -w - 25, 3*g = 4*w + j - 4. What are the prime factors of g?
5
What are the prime factors of (-22)/(1 - 9/3)?
11
Let r(q) = 21*q - 1. Let j be r(1). What are the prime factors of (-6)/(-15) + 232/j?
2, 3
Let k(n) = -24*n + 4. Let w be k(-3). Suppose 2*t + 59 = 5*h - 1, 0 = 4*h + 4*t - w. List the prime factors of h.
2, 7
Let g(x) = x**2 + 10*x + 6. Let b(w) = 2*w + 1. Let o(v) = -11*b(v) + 2*g(v). Let r be 4/(-6) - 22/(-6). What are the prime factors of o(r)?
13
Let n(o) = -2*o**2 + o + 147. List the prime factors of n(0).
3, 7
Suppose -2*l - 1 = 9. Let f(h) = h**2 + 6*h + 7. List the prime factors of f(l).
2
What are the prime factors of (2 + (2 - -2))*8?
2, 3
Let f(r) = -2*r**3 + 3*r**2 + 5*r + 5. What are the prime factors of f(-2)?
23
Suppose 0 = -d - 5*t + 5, -3*t + 1 = -2*d - 2. Suppose d = -2*m + m + 3. Let z = 7 - m. What are the prime factors of z?
2
Let i be (-88)/(-6)*6/4. Let j = 5 + -5. Suppose 0 = -3*z - c + i, -5*z - 3*c + 34 = -j*c. List the prime factors of z.
2
Suppose -2*o + 0*q + 54 = 5*q, -4*q = -2*o + 18. What are the prime factors of o?
17
Let d(v) = -v**3 + 6*v**2 + 2*v - 3. Let j be d(5). Let l = -18 + j. What are the prime factors of l?
2, 7
Let v = 3 + 0. Suppose 3*q - c = 2*c + 27, q - v*c - 19 = 0. What are the prime factors of q?
2
Suppose 2*q - 899 = -41. What are the prime factors of q?
3, 11, 13
Let o = 4 - 4. Let i(q) = -q**3 + 0*q + 3*q - 4*q + 2. What are the prime factors of i(o)?
2
Let z(f) = -f**2 + 17*f + 11. Let q(n) = 16*n**2 - 2*n - 2. Let g be q(-1). What are the prime factors of z(g)?
3
Suppose 0*z - 3*m = z + 2, 2*z + 4 = -3*m. Let n be 10/4 + 3/z. What are the prime factors of (-1 - (n - 3))*2?
2
Let s(y) = y - 1. Let u be s(4). Suppose -2*f = f - 4*n - 38, -f + 17 = u*n. List the prime factors of f.
2, 7
Let y(v) = -v**2 + 9*v + 2. List the prime factors of y(7).
2
Let j = 229 + -161. List the prime factors of j.
2, 17
Let t(o) = -o**2 + 5*o - 4. Let h(y) = -3*y**2 + 10*y - 9. Let x(q) = -2*h(q) + 5*t(q). List the prime factors of x(-6).
2
Suppose -u = -3*j + 2*j - 8, 2*u = 3*j + 18. Let o = 11 - u. List the prime factors of o.
5
Suppose -2*d - 21 = w + 1, d = -2. List the prime factors of (58/4)/((-9)/w).
29
Suppose v + 78 = -v. Let z = 57 + v. What are the prime factors of z?
2, 3
Let g(n) = 3*n**2 + 5*n - 8. List the prime factors of g(4).
2, 3, 5
Let u(c) = -10*c - 10. Let z be u(-8). Suppose 5*d - 20 = z. List the prime factors of d.
2, 3
Let f = -51 + 96. What are the prime factors of f?
3, 5
Let q be ((-2)/3)/(2/(-6)). Suppose -q*r = -8 - 22. What are the prime factors of